{"id":333,"date":"2014-06-11T10:19:57","date_gmt":"2014-06-11T09:19:57","guid":{"rendered":"http:\/\/chauvesouriscorse.fr\/?page_id=333"},"modified":"2025-04-28T15:37:12","modified_gmt":"2025-04-28T14:37:12","slug":"sos-chauves-souris-2","status":"publish","type":"page","link":"http:\/\/chauvesouriscorse.fr\/sos-chauves-souris-2\/","title":{"rendered":"SOS Chauves-souris"},"content":{"rendered":"<h2 style=\"text-align: center;\"><strong>SOS chauve-souris 04 95 47 45 94 ou 07 67 77 11 27<\/strong><\/h2>\n<p>\u00a0<\/p>\n<p style=\"text-align: justify;\">La plupart des <strong>chauves-souris \u00e9gar\u00e9es<\/strong> sont de jeunes individus effectuant leurs premiers vols, c&rsquo;est-\u00e0-dire en pleine saison estivale! Soit lorsque nos salari\u00e9s et b\u00e9n\u00e9voles sont eux-m\u00eames en pleine p\u00e9riode d&rsquo;activit\u00e9 nocturne et par cons\u00e9quent peu r\u00e9actifs au t\u00e9l\u00e9phone. Laissez-nous un message, et en attendant que l&rsquo;on vous rappelle, vous trouverez sans doute la plupart des r\u00e9ponses \u00e0 vos questions sur le site du <a href=\"https:\/\/plan-actions-chiropteres.fr\/agir-pour-les-chauves-souris\/sos-chauves%e2%80%91souris\/\">Plan National d&rsquo;Actions pour les Chiropt\u00e8res<\/a>.<\/p>\n<p style=\"text-align: justify;\">Si vous trouvez une chauve-souris, la premi\u00e8re chose \u00e0 faire est de lui donner de l&rsquo;eau <strong>\u00e0 boire<\/strong>, \u00e0 l&rsquo;aide d&rsquo;une seringue si vous en avez, sinon en lui approchant un bouchon ou une petite cuill\u00e8re remplie. Ensuite, assurez-vous qu&rsquo;elle est incapable de voler (individu bless\u00e9 ou jeune avant l&rsquo;envol), une simple inspection des ailes vous permet en g\u00e9n\u00e9ral de constater de l&rsquo;int\u00e9grit\u00e9 de la membrane et qu&rsquo;aucun membre n&rsquo;est fractur\u00e9. Si c&rsquo;est le cas, il suffit de replacer l&rsquo;animal sur un mur en hauteur et \u00e0 l&rsquo;ombre, et il repartira de lui-m\u00eame le soir venu.<\/p>\n<p style=\"text-align: justify;\">Pour des chauves-souris adultes (bien poilues), les informations n\u00e9cessaires sont contenues dans cette infographie :<\/p>\n<p style=\"text-align: justify;\"><a href=\"http:\/\/chauvesouriscorse.fr\/wp-content\/uploads\/2014\/06\/Jai-trouv\u00e9-une-chauve-souris-que-faire.png\"><img loading=\"lazy\" decoding=\"async\" class=\"aligncenter  wp-image-976\" src=\"http:\/\/chauvesouriscorse.fr\/wp-content\/uploads\/2014\/06\/Jai-trouv\u00e9-une-chauve-souris-que-faire-723x1024.png\" alt=\"J'ai trouv\u00e9 une chauve-souris, que faire\" width=\"651\" height=\"922\" srcset=\"http:\/\/chauvesouriscorse.fr\/wp-content\/uploads\/2014\/06\/Jai-trouv\u00e9-une-chauve-souris-que-faire-723x1024.png 723w, http:\/\/chauvesouriscorse.fr\/wp-content\/uploads\/2014\/06\/Jai-trouv\u00e9-une-chauve-souris-que-faire-212x300.png 212w, http:\/\/chauvesouriscorse.fr\/wp-content\/uploads\/2014\/06\/Jai-trouv\u00e9-une-chauve-souris-que-faire.png 1587w\" sizes=\"(max-width: 651px) 100vw, 651px\" \/><\/a><\/p>\n<p style=\"text-align: justify;\">Si c&rsquo;est un <strong>jeune individu<\/strong> &#8211; gris-rose, ou \u00e0 poil tr\u00e8s ras et de tr\u00e8s petite taille (une Pipistrelle adulte ne d\u00e9passe pas le pouce), le plus simple consiste \u00e0 trouver la colonie d&rsquo;o\u00f9 il s&rsquo;est \u00e9gar\u00e9, souvent \u00e0 l&rsquo;aplomb de l\u00e0 o\u00f9 vous l&rsquo;avez trouv\u00e9 : une ouverture dans une toiture ou sous une poutre avec des traces de guano (petites crottes de la taille de grains de riz noir). Si cela n&rsquo;est pas possible, vous pouvez tenter la m\u00e9thode \u00ab\u00a0chaussette magique\u00a0\u00bb d\u00e9crite dans l&rsquo;image ci-dessous.<\/p>\n<p style=\"text-align: center;\"><img loading=\"lazy\" decoding=\"async\" class=\"aligncenter size-large wp-image-1417\" src=\"http:\/\/chauvesouriscorse.fr\/wp-content\/uploads\/2025\/04\/Copy-of-Copie-de-Jai-trouve-une-chauve-souris-que-faire-1-724x1024.png\" alt=\"\" width=\"724\" height=\"1024\" srcset=\"http:\/\/chauvesouriscorse.fr\/wp-content\/uploads\/2025\/04\/Copy-of-Copie-de-Jai-trouve-une-chauve-souris-que-faire-1-724x1024.png 724w, http:\/\/chauvesouriscorse.fr\/wp-content\/uploads\/2025\/04\/Copy-of-Copie-de-Jai-trouve-une-chauve-souris-que-faire-1-212x300.png 212w, http:\/\/chauvesouriscorse.fr\/wp-content\/uploads\/2025\/04\/Copy-of-Copie-de-Jai-trouve-une-chauve-souris-que-faire-1-106x150.png 106w, http:\/\/chauvesouriscorse.fr\/wp-content\/uploads\/2025\/04\/Copy-of-Copie-de-Jai-trouve-une-chauve-souris-que-faire-1-768x1086.png 768w, http:\/\/chauvesouriscorse.fr\/wp-content\/uploads\/2025\/04\/Copy-of-Copie-de-Jai-trouve-une-chauve-souris-que-faire-1-1086x1536.png 1086w, http:\/\/chauvesouriscorse.fr\/wp-content\/uploads\/2025\/04\/Copy-of-Copie-de-Jai-trouve-une-chauve-souris-que-faire-1-1448x2048.png 1448w, http:\/\/chauvesouriscorse.fr\/wp-content\/uploads\/2025\/04\/Copy-of-Copie-de-Jai-trouve-une-chauve-souris-que-faire-1.png 1587w\" sizes=\"(max-width: 724px) 100vw, 724px\" \/><\/p>\n<p style=\"text-align: left;\"><strong>Des chauves-souris ont \u00e9lu domicile chez vous ?\u00a0<\/strong><\/p>\n<div dir=\"auto\">En \u00e9t\u00e9,\u00a0les colonies sont particuli\u00e8rement d\u00e9tectables car les jeunes commencent \u00e0 devenir grands et prendre leur envol. Les colonies peuvent devenir plus bruyantes, on peut voir la pr\u00e9sence de guano sous la colonie, et parfois on peut trouver des jeunes tomb\u00e9s ou m\u00eame \u00e0 l&rsquo;int\u00e9rieur de la maison. Les petites esp\u00e8ces comme les pipistrelles ou murins peuvent se mettre dans des fissures de la taille du petit doigt ou m\u00eame se mettre sous les tuiles, elles peuvent souvent passer inaper\u00e7u. D&rsquo;autres, comme les rhinolophes, pr\u00e9f\u00e8rent \u00eatre dans un espace ouvert comme les combles ou une cave.<\/div>\n<div dir=\"auto\">\u00a0<\/div>\n<div dir=\"auto\">\n<div>\n<div dir=\"auto\">Si vous avez une colonie chez vous, Pas de panique :\u00a0c&rsquo;est un groupe de m\u00e8res avec leurs petits. Elles cherchent juste un endroit au calme et au chaud pour \u00e9lever leurs jeunes jusqu&rsquo;\u00e0 leur envol.<\/div>\n<\/div>\n<\/div>\n<div dir=\"auto\">Nos chauves-souris sont toutes prot\u00e9g\u00e9es par la loi : il est donc interdit de les tuer, de les faire du mal ou de d\u00e9truire le g\u00eete.<\/div>\n<div dir=\"auto\">Il suffit juste de s&rsquo;armer d&rsquo;un peu de patience ; elles partiront tr\u00e8s rapidement, pendant le mois d&rsquo;ao\u00fbt ou au plus tard au d\u00e9but septembre, pour changer de g\u00eete. Tout travaux pour leur emp\u00eacher de rentrer doit \u00eatre fait en automne ou au mieux en hiver. Des solutions pour faciliter la cohabitation existent, n&rsquo;h\u00e9sitez pas \u00e0 nous solliciter car chaque cas est diff\u00e9rent !<\/div>\n<div dir=\"auto\">\u00a0<\/div>\n<div>\n<div dir=\"auto\">Rappelez-vous : Les chauves-souris ne nous veulent pas de mal. Elles ne s&rsquo;accrochent pas dans les cheveux, et ne nous attaquent pas sauf \u00e9ventuellement si on cherche \u00e0 les attraper, comme tout animal sauvage (mais, comme tout animal, elles cherchent tout d&rsquo;abord \u00e0 fuir). De plus, la pr\u00e9sence d&rsquo;une colonie permet d&rsquo;avoir une arm\u00e9e de mangeuses d&rsquo;insectes sur place, parfait pour les soir\u00e9es d&rsquo;\u00e9t\u00e9 sur la terrasse ! Leur guano, si vous avez moyen de le r\u00e9cup\u00e9rer, est l&rsquo;engrais le plus puissant qu&rsquo;il existe, tr\u00e8s appr\u00e9ci\u00e9 par les rosiers et les plants de l\u00e9gumes !<\/div>\n<\/div>\n<div dir=\"auto\">\u00a0<\/div>\n<div dir=\"auto\"><img loading=\"lazy\" decoding=\"async\" class=\"aligncenter size-large wp-image-1419\" src=\"http:\/\/chauvesouriscorse.fr\/wp-content\/uploads\/2025\/04\/pipistrelles-dans-buse-1024x257.png\" alt=\"\" width=\"1024\" height=\"257\" srcset=\"http:\/\/chauvesouriscorse.fr\/wp-content\/uploads\/2025\/04\/pipistrelles-dans-buse-1024x257.png 1024w, http:\/\/chauvesouriscorse.fr\/wp-content\/uploads\/2025\/04\/pipistrelles-dans-buse-300x75.png 300w, http:\/\/chauvesouriscorse.fr\/wp-content\/uploads\/2025\/04\/pipistrelles-dans-buse-150x38.png 150w, http:\/\/chauvesouriscorse.fr\/wp-content\/uploads\/2025\/04\/pipistrelles-dans-buse-768x193.png 768w, http:\/\/chauvesouriscorse.fr\/wp-content\/uploads\/2025\/04\/pipistrelles-dans-buse-1536x386.png 1536w, http:\/\/chauvesouriscorse.fr\/wp-content\/uploads\/2025\/04\/pipistrelles-dans-buse-2048x515.png 2048w\" sizes=\"(max-width: 1024px) 100vw, 1024px\" \/><\/div>\n\n\n<p><\/p>\n","protected":false},"excerpt":{"rendered":"<p>SOS chauve-souris 04 95 47 45 94 ou 07 67 77 11 27 \u00a0 La plupart des chauves-souris \u00e9gar\u00e9es sont de jeunes individus effectuant leurs premiers vols, c&rsquo;est-\u00e0-dire en pleine saison estivale! Soit lorsque nos salari\u00e9s et b\u00e9n\u00e9voles sont eux-m\u00eames en pleine p\u00e9riode d&rsquo;activit\u00e9 nocturne&#8230;<\/p>\n","protected":false},"author":1,"featured_media":0,"parent":0,"menu_order":0,"comment_status":"closed","ping_status":"closed","template":"","meta":{"footnotes":""},"class_list":["post-333","page","type-page","status-publish","hentry"],"_links":{"self":[{"href":"http:\/\/chauvesouriscorse.fr\/wp-json\/wp\/v2\/pages\/333","targetHints":{"allow":["GET"]}}],"collection":[{"href":"http:\/\/chauvesouriscorse.fr\/wp-json\/wp\/v2\/pages"}],"about":[{"href":"http:\/\/chauvesouriscorse.fr\/wp-json\/wp\/v2\/types\/page"}],"author":[{"embeddable":true,"href":"http:\/\/chauvesouriscorse.fr\/wp-json\/wp\/v2\/users\/1"}],"replies":[{"embeddable":true,"href":"http:\/\/chauvesouriscorse.fr\/wp-json\/wp\/v2\/comments?post=333"}],"version-history":[{"count":7,"href":"http:\/\/chauvesouriscorse.fr\/wp-json\/wp\/v2\/pages\/333\/revisions"}],"predecessor-version":[{"id":1420,"href":"http:\/\/chauvesouriscorse.fr\/wp-json\/wp\/v2\/pages\/333\/revisions\/1420"}],"wp:attachment":[{"href":"http:\/\/chauvesouriscorse.fr\/wp-json\/wp\/v2\/media?parent=333"}],"curies":[{"name":"wp","href":"https:\/\/api.w.org\/{rel}","templated":true}]}}